y 249?
188
Calculate the remainder when 1158 is divided by 101.
47
What is the remainder when 3688 is divided by 43?
33
Calculate the remainder when 13276 is divided by 164.
156
What is the remainder when 2547 is divided by 281?
18
What is the remainder when 39094 is divided by 27?
25
Calculate the remainder when 7904 is divided by 70.
64
What is the remainder when 22499 is divided by 60?
59
What is the remainder when 467155 is divided by 1020?
1015
What is the remainder when 33636 is divided by 10?
6
What is the remainder when 109099 is divided by 742?
25
What is the remainder when 39579 is divided by 89?
63
What is the remainder when 468 is divided by 132?
72
What is the remainder when 3965 is divided by 2832?
1133
Calculate the remainder when 148985 is divided by 89.
88
Calculate the remainder when 3149 is divided by 23.
21
What is the remainder when 70445 is divided by 23480?
5
What is the remainder when 15609 is divided by 3?
0
Calculate the remainder when 15287 is divided by 1760.
1207
Calculate the remainder when 2182 is divided by 104.
102
Calculate the remainder when 375127 is divided by 32.
23
What is the remainder when 13589 is divided by 1489?
188
Calculate the remainder when 3996 is divided by 56.
20
Calculate the remainder when 86433 is divided by 98.
95
What is the remainder when 35509 is divided by 42?
19
What is the remainder when 134396 is divided by 195?
41
Calculate the remainder when 28684 is divided by 319.
293
What is the remainder when 2355 is divided by 30?
15
Calculate the remainder when 287423 is divided by 144.
143
What is the remainder when 180342 is divided by 176?
118
Calculate the remainder when 15794 is divided by 1204.
142
Calculate the remainder when 4946 is divided by 2473.
0
Calculate the remainder when 114726 is divided by 35.
31
What is the remainder when 3240 is divided by 1551?
138
Calculate the remainder when 17664 is divided by 5885.
9
What is the remainder when 632232 is divided by 2499?
2484
What is the remainder when 24544 is divided by 4087?
22
Calculate the remainder when 41621 is divided by 189.
41
Calculate the remainder when 711 is divided by 601.
110
Calculate the remainder when 89152 is divided by 1591.
56
What is the remainder when 100071 is divided by 50035?
1
What is the remainder when 4174 is divided by 1957?
260
What is the remainder when 20400 is divided by 99?
6
What is the remainder when 5238 is divided by 181?
170
Calculate the remainder when 11162 is divided by 318.
32
What is the remainder when 4203014 is divided by 15?
14
Calculate the remainder when 38398 is divided by 192.
190
What is the remainder when 7274 is divided by 54?
38
What is the remainder when 763 is divided by 54?
7
Calculate the remainder when 455079 is divided by 62.
61
Calculate the remainder when 128936 is divided by 921.
917
Calculate the remainder when 312695 is divided by 4.
3
Calculate the remainder when 132574 is divided by 439.
435
What is the remainder when 44114 is divided by 6300?
14
Calculate the remainder when 13924 is divided by 134.
122
What is the remainder when 6104 is divided by 513?
461
Calculate the remainder when 88177 is divided by 57.
55
What is the remainder when 6652 is divided by 245?
37
What is the remainder when 43240 is divided by 218?
76
What is the remainder when 4519 is divided by 2250?
19
Calculate the remainder when 36257 is divided by 237.
233
What is the remainder when 51332 is divided by 248?
244
Calculate the remainder when 873232 is divided by 2.
0
What is the remainder when 6403 is divided by 641?
634
Calculate the remainder when 3136 is divided by 223.
14
What is the remainder when 14747 is divided by 30?
17
What is the remainder when 2943 is divided by 403?
122
Calculate the remainder when 57441 is divided by 31.
29
What is the remainder when 304845 is divided by 37?
2
Calculate the remainder when 3169 is divided by 159.
148
Calculate the remainder when 429929 is divided by 121.
16
Calculate the remainder when 3715 is divided by 190.
105
What is the remainder when 652435 is divided by 9?
7
Calculate the remainder when 14175 is divided by 48.
15
What is the remainder when 236715 is divided by 23?
22
What is the remainder when 1277 is divided by 540?
197
What is the remainder when 875148 is divided by 115?
113
Calculate the remainder when 7507 is divided by 203.
199
What is the remainder when 109586 is divided by 130?
126
Calculate the remainder when 17908 is divided by 41.
32
What is the remainder when 13512 is divided by 5437?
2638
What is the remainder when 143352 is divided by 1936?
88
Calculate the remainder when 149061 is divided by 83.
76
Calculate the remainder when 2728 is divided by 694.
646
Calculate the remainder when 5521 is divided by 2626.
269
What is the remainder when 218045 is divided by 108?
101
What is the remainder when 5514 is divided by 949?
769
Calculate the remainder when 1993635 is divided by 13.
7
What is the remainder when 154 is divided by 12?
10
Calculate the remainder when 2484959 is divided by 930.
929
What is the remainder when 4023 is divided by 224?
215
Calculate the remainder when 78216 is divided by 259.
257
What is the remainder when 1171197 is divided by 390386?
39
What is the remainder when 34319 is divided by 76?
43
What is the remainder when 514044 is divided by 54?
18
Calculate the remainder when 445895 is divided by 198.
197
What is the remainder when 37949 is divided by 130?
119
What is the remainder when 1169 is divided by 46?
19
Calculate the remainder when 578521 is divided by 17.
11
What is the remainder when 12263 is divided by 3065?
3
Calculate the remainder when 71269 is divided by 46.
15
Calculate the remainder when 16037 is divided by 18.
17
What is the remainder when 107454 is divided by 301?
298
Calculate the remainder when 147341 is divided by 29464.
21
Calculate the remainder when 138329 is divided by 13.
9
Calculate the remainder when 3410 is divided by 86.
56
What is the remainder when 736297 is divided by 2727?
7
What is the remainder when 5676 is divided by 2812?
52
What is the remainder when 260780 is divided by 18626?
16
Calculate the remainder when 251096 is divided by 17.
6
What is the remainder when 3694 is divided by 598?
106
What is the remainder when 31747 is divided by 3949?
155
What is the remainder when 198742 is divided by 43?
39
What is the remainder when 9001 is divided by 312?
265
Calculate the remainder when 2498 is divided by 67.
19
Calculate the remainder when 4328 is divided by 190.
148
Calculate the remainder when 12733 is divided by 98.
91
Calculate the remainder when 73040 is divided by 14603.
25
Calculate the remainder when 3930 is divided by 1958.
14
What is the remainder when 366398 is divided by 5?
3
Calculate the remainder when 114 is divided by 27.
6
What is the remainder when 23863 is divided by 5702?
1055
What is the remainder when 801 is divided by 669?
132
What is the remainder when 1218 is divided by 96?
66
Calculate the remainder when 68570 is divided by 124.
122
What is the remainder when 1151 is divided by 651?
500
Calculate the remainder when 5260 is divided by 791.
514
What is the remainder when 1827 is divided by 15?
12
What is the remainder when 3548 is divided by 355?
353
What is the remainder when 28960 is divided by 4826?
4
What is the remainder when 140907 is divided by 154?
151
What is the remainder when 21058 is divided by 358?
294
What is the remainder when 88582 is divided by 101?
5
What is the remainder when 19232 is divided by 4804?
16
Calculate the remainder when 372333 is divided by 124109.
6
Calculate the remainder when 15591 is divided by 3895.
11
What is the remainder when 8365 is divided by 1673?
0
What is the remainder when 2181 is divided by 23?
19
What is the remainder when 2052 is divided by 310?
192
Calculate the remainder when 38227 is divided by 9.
4
What is the remainder when 618 is divided by 78?
72
Calculate the remainder when 834 is divided by 144.
114
What is the remainder when 107412 is divided by 100?
12
What is the remainder when 1137763 is divided by 181?
178
Calculate the remainder when 9423 is divided by 3139.
6
Calculate the remainder when 49316 is divided by 581.
512
What is the remainder when 4353 is divided by 394?
19
What is the r